e 5, what is 1034043 + 1?
1034044
In base 11, what is -265 - -197?
-79
In base 15, what is 53 - 76d?
-71a
In base 16, what is -17ef - -31?
-17be
In base 12, what is -18750a8 + 5?
-18750a3
In base 5, what is 23321114 - 4?
23321110
In base 15, what is 2940 + -5?
293a
In base 15, what is 216 + 975?
b8b
In base 15, what is -1 + 1ade64?
1ade63
In base 4, what is 10010031 - 13?
10010012
In base 13, what is 24a93 + -26?
24a6a
In base 13, what is 6b8 - -13?
6cb
In base 14, what is -3 + 259067?
259064
In base 12, what is -621 - 7?
-628
In base 8, what is -110343 - -1?
-110342
In base 9, what is 178373 + 2?
178375
In base 10, what is 11835 + -2?
11833
In base 4, what is -3012 - 3011?
-12023
In base 4, what is -11233002 - 3211?
-11302213
In base 6, what is 145211 + 25?
145240
In base 6, what is -104 + 24?
-40
In base 5, what is -10 - -200324021?
200324011
In base 10, what is -11930 + 39?
-11891
In base 14, what is -21 - 2968?
-2989
In base 6, what is -14205113 + -2?
-14205115
In base 8, what is 543 - 332?
211
In base 15, what is -942ed + -5?
-94303
In base 12, what is -2 + -1b333?
-1b335
In base 6, what is 23 - 550?
-523
In base 8, what is -4 + -463173?
-463177
In base 4, what is 20013123 - -3?
20013132
In base 7, what is -5 + -62532?
-62540
In base 15, what is 31 - -222b?
225c
In base 4, what is -311211 + -12201?
-330012
In base 3, what is 12022 - 212012?
-122220
In base 7, what is 4 - 12543?
-12536
In base 3, what is -221001021111 + -1?
-221001021112
In base 5, what is 13020 - -220?
13240
In base 12, what is 7 - 9b84?
-9b79
In base 2, what is 1000000001000000 - -10000?
1000000001010000
In base 16, what is b48bc - -3?
b48bf
In base 2, what is 1110000011010011 - 1011?
1110000011001000
In base 6, what is -224022 - -1?
-224021
In base 14, what is -129 - 4?
-12d
In base 9, what is -410 + 70?
-330
In base 5, what is -4 - 2031301?
-2031310
In base 3, what is 0 + -100210010?
-100210010
In base 6, what is 0 - -54551?
54551
In base 9, what is 24 + 828?
853
In base 16, what is 5ab4 + -5?
5aaf
In base 13, what is 5 + 72892?
72897
In base 6, what is -241055420 + -4?
-241055424
In base 9, what is 1057661 - -3?
1057664
In base 12, what is -7 - 10416?
-10421
In base 3, what is -10222211 - -202022?
-10020112
In base 14, what is -16 - 84c8?
-8500
In base 9, what is 14711284 - 2?
14711282
In base 16, what is 2f + -9c4?
-995
In base 3, what is -1112022100 - 2?
-1112022102
In base 9, what is -124288 + -2?
-124301
In base 8, what is -5 + 2776?
2771
In base 10, what is 13 + -4162?
-4149
In base 10, what is -798 - -33?
-765
In base 15, what is 2 + -198a4?
-198a2
In base 14, what is 1527 + 14?
153b
In base 6, what is 44102 + -102?
44000
In base 16, what is -f + -107?
-116
In base 14, what is 3 + 19aa12?
19aa15
In base 4, what is 1 - -2133233?
2133300
In base 7, what is 14556 - 5?
14551
In base 5, what is 42 + -22124?
-22032
In base 14, what is -1d6193 + -2?
-1d6195
In base 16, what is 12 + 1a5?
1b7
In base 14, what is 4 - -10842?
10846
In base 8, what is -4111107 + -1?
-4111110
In base 4, what is -1012122 + 30?
-1012032
In base 16, what is 149 - 82d?
-6e4
In base 12, what is -1 - 4b429?
-4b42a
In base 14, what is 4c69 - 1?
4c68
In base 7, what is 62 + 16140?
16232
In base 8, what is 1 + -233302?
-233301
In base 11, what is -25 - -15a72?
15a48
In base 7, what is -254 - 16543?
-20130
In base 3, what is -11 + -10001000?
-10001011
In base 12, what is 1 + 37a0?
37a1
In base 12, what is -34 + -4a4?
-518
In base 4, what is 10 - -11121112?
11121122
In base 5, what is 44103 + 2410?
102013
In base 12, what is 287 + 204?
48b
In base 6, what is 445 - -30505?
31354
In base 4, what is -1322031 - -100?
-1321331
In base 5, what is -103442 + 10?
-103432
In base 7, what is 3 + -544460?
-544454
In base 15, what is -2bb - -9?
-2b2
In base 16, what is -1f525 - 4?
-1f529
In base 8, what is -1453100 - -2?
-1453076
In base 2, what is -100 - 100101011110010?
-100101011110110
In base 9, what is 2 + -22477?
-22475
In base 14, what is 24985b + 5?
249862
In base 16, what is -1 - -3845a?
38459
In base 9, what is 5372 + 8?
5381
In base 7, what is 3351212 - -2?
3351214
In base 6, what is -53 + -1512305?
-1512402
In base 7, what is -1005 + 110?
-565
In base 8, what is -35031 + -3?
-35034
In base 3, what is -2200 - 200021?
-202221
In base 13, what is 39201 + 8?
39209
In base 9, what is 4 - 1475250?
-1475245
In base 15, what is 830 - b3?
76c
In base 7, what is 1036 + 60?
1126
In base 13, what is 25 + -2266?
-2241
In base 15, what is 4914 + 1?
4915
In base 6, what is -3 + 45141?
45134
In base 15, what is -9 + -235c?
-2366
In base 15, what is -506 - 25?
-52b
In base 13, what is 1890 + -3?
188a
In base 4, what is -2 + -103110031?
-103110033
In base 14, what is -6c7 - 13?
-6da
In base 8, what is 214163 + 0?
214163
In base 12, what is 2813a + 5?
28143
In base 2, what is -101011 - -11000011100000?
11000010110101
In base 7, what is 1425 + 215?
1643
In base 2, what is -101101 + 1000110100011?
1000101110110
In base 9, what is -1860 + 368?
-1481
In base 4, what is -3 - 301302?
-301311
In base 11, what is -4a53 + 15?
-4a39
In base 12, what is 8 + 682?
68a
In base 16, what is -9e6 - 4?
-9ea
In base 7, what is -2263 - 3426?
-6022
In base 14, what is -d5 + 74a?
655
In base 14, what is -53038 + 4?
-53034
In base 15, what is 13 + -25e2?
-25ce
In base 5, what is -1224 - -2414?
1140
In base 4, what is 132 + 120300?
121032
In base 15, what is -13 + 1ae3?
1ad0
In base 10, what is 65 + -679?
-614
In base 11, what is -2663a + 3?
-26637
In base 16, what is -6 - -8329?
8323
In base 9, what is -561068 - 13?
-561082
In base 12, what is 5 - 98b09?
-98b04
In base 16, what is 5 + 4a72?
4a77
In base 4, what is 12231 + 2121?
21012
In base 13, what is 953c - -2?
9541
In base 3, what is 12 + -220121022?
-220121010
In base 5, what is 1330 + -122241?
-120411
In base 3, what is 12122202100221 + 2?
12122202101000
In base 16, what is -39 + -1e99?
-1ed2
In base 14, what is -8b1 - -3a7?
-508
In base 10, what is -69 - 2352?
-2421
In base 8, what is -1 + 201761?
201760
In base 3, what is -1210002 + 20110?
-1112122
In base 14, what is -b12 + 116?
-9da
In base 16, what is 3 + ccff?
cd02
In base 13, what is 8c - -55?
114
In base 12, what is 49b7 - 3?
49b4
In base 7, what is -5 + -215636?
-215644
In base 6, what is 5234414 + 0?
5234414
In base 2, what is -100 - 111110011011010?
-111110011011110
In base 3, what is 10220020 + 212?
10221002
In base 15, what is -5 + -175eb?
-17601
In base 8, what is -2075 - -20260?
16163
In base 12, what is -7 - 38a?
-395
In base 10, what is -76 + 17?
-59
In base 10, what is -140965 + 5?
-140960
In base 8, what is -5 + -2766166?
-2766173
In base 5, what is -24224 - -224?
-24000
In base 15, what is 4 + 281?
285
In base 10, what is -3447 - 93?
-3540
In base 3, what is 102202 + -2222212?
-2120010
In base 16, what is 0 + 9197?
9197
In base 4, what is 0 + -220131003?
-220131003
In base 5, what is 402 - 3231433?
-3231031
In base 16, what is -4 + c25b?
c257
In base 6, what is 3112450 + 4?
3112454
In base 6, what is 5 + 244251?
244300
In base 14, what is 18 - -1510?
1528
In base 13, what is -3 + 1622?
161c
In base 6, what is -1230 - -1032?
-154
In base 6, what is 1100410 + -4?
1100402
In base 12, what is 6 - -a15?
a1b
In base 14, what is 61 - 28?
37
In base 14, what is -5594c + -6?
-55954
In base 13, what is 298 + -1c1c?
-1954
In base 16, what is -1 + bfecb?
bfeca
In base 2, what is 1100 - -1101001000110011?
1101001000111111
In base 4, what is -10 + 203220113?
203220103
In base 6, what is -45 + 410212?
410123
In base 4, what is 22 + -101311230?
-101311202
In base 5, what is 1002 + -213?
234
In base 15, what is -6 - -c66?
c60
In base 12, what is 11017 - -2?
11019
In base 14, what is 3db - 196c?
-1571
In base 9, what is 5 + 10243?
10248
In base 15, what is -7db - e09?
-16e5
In base 16, what is b31 - -2cf?
e00
In base 14, what is -106 + 83d?
737
In base 14, what is 218 - -d77?
1191
In base 11, what is -a303 + 3?
-a300
In base 3, what is 20 - -101210021?
101210111
In base 16, what is 2e8 - -1563?
184b
In base 4, what is -2032 - -3312?
1220
In base 16, what is 3 + -208b6?
-208b3
In base 12, what is -73a63 - -1?
-73a62
In base 16, what is 1aa + -161f?
-1475
In base 7, what is 4 + -3004416?
-3004412
In base 8, what is 32 + -3565?
-3533
